t of u?
2
Let r(x) = -x**2 + 2*x - 8. Let j be r(6). Let d = j + 45. What is the units digit of d?
3
Let j = 506 + -197. What is the hundreds digit of j?
3
Let a(p) = 2*p + 4. Let f be a(-5). Let d(h) = -5*h**3 + 2*h**2 + h - 3. Let i(q) = -q**3 + q**2. Let r(o) = f*i(o) + d(o). What is the units digit of r(4)?
1
Suppose -1 = 2*t - 5. Let i(m) = 9*m**2 - 2*m - 2. Let z be i(t). Suppose 7*r = 4*r + z. What is the tens digit of r?
1
Let a = -2 - -4. Suppose 0*x + a = -2*x. Let y = x + 2. What is the units digit of y?
1
Let g(h) be the second derivative of -h**4/12 + h**3 - 2*h**2 + h. Let s be g(4). Suppose 16 = z + s. What is the tens digit of z?
1
Let v(k) = k**2 - 8*k + 10. Let m be v(7). Suppose b = -m*b + 80. What is the units digit of b?
0
Suppose 0 = 5*c + 5, -3*w = -0*c + c - 986. What is the units digit of w?
9
Suppose 0*a + 3 = -3*h - 2*a, -4*a = -4*h - 4. Let i(o) = -9*o - 2. What is the units digit of i(h)?
7
Let d(m) = -m**2 + 6*m - 2. Let t = 15 - 10. Let z be d(t). What is the units digit of (-14)/(-8) + z/12?
2
Let l(o) = o**2 - 5*o + 5. Let t be l(5). Suppose 5*x - 41 = -2*n, t*x + 17 = 2*n + 2*x. What is the units digit of n?
3
Let n(s) be the third derivative of s**4/6 - s**3/3 - 6*s**2. What is the units digit of n(8)?
0
Let s be (-5)/(-20) + (-103)/(-4). Suppose l + 2 - s = 0. What is the tens digit of 12*10/l*3?
1
Let z(g) = g**3 + 10*g**2 - 11*g - 1. Let s be z(-11). What is the units digit of (1 - s) + 0 + -1?
1
Suppose 0 = o - k - 21 + 4, 5*k = 3*o - 57. Let d = o - 5. What is the tens digit of (-1)/3 - (-129)/d?
1
Let y(p) = p + 8. Let d be y(-6). Suppose -3*h = 2*h - 15. Suppose -a + 2*z - 2 - d = 0, -h*a + z = -3. What is the units digit of a?
2
Suppose 0 = -y - 2*u + 4, 2*y - 2*u = -4 - 0. What is the tens digit of y + 3 - -11 - 1?
1
Let f(o) = -o**2 + 9*o + 6. Let i be f(10). Let y be ((-4)/(-6))/(i/(-498)). Suppose -18 = 5*b - y. What is the units digit of b?
3
Suppose 3*l + 190 = 4*o + 2*l, -5*l = 2*o - 106. What is the units digit of o?
8
Let r = 16 + -11. Suppose r = -5*m + 35. Suppose 3*y - m*y = -15. What is the units digit of y?
5
Suppose -m - 2*u + 278 = 3*u, -4*u = 2*m - 538. What is the tens digit of m?
6
Let m(y) be the first derivative of -2*y**2 - 4. What is the tens digit of m(-3)?
1
Let o = -6 + 7. What is the units digit of o?
1
Let d(i) = -2*i - 7. Let u(a) = 3*a + 7. Let h(n) = -4*d(n) - 3*u(n). What is the units digit of h(6)?
1
Suppose -k = -5*q - 60, q = -0*q - 2*k - 1. Let z = q + 7. Let l = z + 7. What is the units digit of l?
3
Suppose -5*r + 111 = -49. What is the tens digit of r?
3
Let c be (-4)/2 + (-37 - -1). Let y = c - -59. Suppose 0 = -3*i - 0*i + y. What is the units digit of i?
7
Let l(c) = -5 - c + 2*c + 5. Let w(f) = -2*f**2 - 2*f - 3. Let t(k) = 5*l(k) - w(k). What is the tens digit of t(-5)?
1
Let w be (-276)/10*10/(-4). Let y = w + -30. What is the tens digit of y?
3
Let g = 314 - 197. What is the hundreds digit of g?
1
Suppose -7*t + 395 = -277. What is the tens digit of t?
9
Suppose -h = -f + 82, 0*f + 3*f = 2*h + 169. What is the units digit of (-22)/h - 47/(-7)?
7
What is the units digit of (-404)/(-5) + (-12)/15?
0
Let t(k) = 5*k - 14. What is the units digit of t(4)?
6
Let p = 263 - 150. What is the units digit of p?
3
Let j(w) = -w**3 + 8*w**2 - 7. Let f be j(8). What is the units digit of (-4)/14 - 9/f?
1
Suppose -2*w = -w - 15. What is the tens digit of w?
1
Suppose -p - 2*p = 0. Suppose 0 = 3*v + 4 + 2. Let y = p - v. What is the units digit of y?
2
Let l(i) = i + 52. What is the tens digit of l(0)?
5
Let x(l) = 4*l + 1. Let a be x(-1). Suppose 0*r + 4*r - 2*i = -14, 0 = -4*r - 2*i - 34. What is the units digit of (-5)/a - 2/r?
2
Let a = -11 + 16. What is the units digit of a?
5
Suppose 32 = 4*o + 2*n, 2*n + 0*n = -2*o + 16. What is the units digit of o?
8
Suppose 0*r = -3*d + 2*r - 36, -3*d + r = 36. Let g = 24 + d. What is the tens digit of g?
1
Let c = 233 - 173. What is the units digit of c?
0
Let r be (-1)/(-1) + 3 + -2. Let a be (4 + r)*(-20)/(-8). What is the units digit of 100/a + (-1)/(-3)?
7
Let j = -26 - -36. Let t = j - 7. What is the units digit of t?
3
What is the units digit of ((-556)/10)/(4/(-20)) + 3?
1
Suppose 6*x - 15 = -39. Let j(d) = -d**3 + 12. Let r be j(0). Let c = x + r. What is the units digit of c?
8
What is the tens digit of 2*18*((-40)/(-12) + -3)?
1
Let a = -138 - -164. What is the units digit of a?
6
Let n be (10/4 + -2)*0. Suppose d + d - 4 = n. What is the units digit of d?
2
Let a = 154 - 90. What is the units digit of a?
4
Let f(x) be the second derivative of -x**4/12 + 4*x**3/3 - 7*x**2/2 + x. Let d = 12 + -6. What is the units digit of f(d)?
5
Let s = 40 + -22. What is the units digit of 4/s + (-136)/(-36)?
4
Let w(a) = 12*a - 18. Let p(d) = -d. Let m(y) = -10*p(y) - w(y). What is the units digit of m(8)?
2
Suppose 4*r - 7 = -l, 15 = 4*l + 4*r - 1. Let c be 2 - (-1 - (0 - -1)). Suppose p = c*z - 3*p - 64, l*p = -3*z + 24. What is the tens digit of z?
1
Let m = -6 + 10. Let k be (24/24)/((-2)/(-6)). Suppose -m = i - 0*i, 0 = k*x - 2*i - 71. What is the tens digit of x?
2
Suppose 7*s = 3*s + 4. Suppose -4*q + h = 5*h - 24, -4*h = 3*q - 22. What is the units digit of (s/2)/(1/q)?
1
Suppose 0 = 5*t - k - 15, 5*k + 38 = 13. Suppose 3*a = -w + 36, -57 = -t*w - 0*a - a. What is the tens digit of w?
2
Suppose 4*t + 41 - 153 = 0. What is the tens digit of t?
2
Suppose -3*w + 101 = 5*x, 0 = -3*x - 3 - 3. What is the units digit of w?
7
Let f be (-3)/(-9) + 4/6. Suppose 4*d - 5*k - 23 = 0, 3*d - f = k + 8. Suppose 6 = s + d*s. What is the units digit of s?
2
Let w(r) = 2*r**2 - 14*r + 6. Let o be w(6). What is the tens digit of (-6)/(-18) - 106/o?
1
Let n(u) = -u + 9. Let x be n(8). Suppose -7 - x = 4*y, -5*o - 2*y = -26. Suppose 5*j - 2*j = o. What is the units digit of j?
2
Suppose v - l = -3*v + 5, 2*v + l = 7. Suppose 0 = -k - k + 6. What is the units digit of (2/k)/(v/15)?
5
Suppose -j + 4*d + 7 = 0, -j + 4*d + 11 = -4*j. Let m(f) = 2*f. Let v be m(-1). What is the tens digit of 3/(j/8*v)?
1
Suppose 5*t + 2 = 7. Suppose 2*l - 11 = -t. Suppose -4*c = v - 21, 38 = v + l*c + 12. What is the units digit of v?
1
Let z be ((2 + -2)/3)/(-2). Suppose 5*h - 120 = -z*h. What is the tens digit of h?
2
Suppose -5*u = -0*x + 3*x - 15, u + 20 = 4*x. Suppose x*o - 4 = 21. What is the units digit of o?
5
Let j = -2 - -5. Suppose 10 = -2*x + j*x + 3*d, 104 = 4*x - 4*d. Suppose 5*o - 33 = x. What is the units digit of o?
1
Let b = 0 + -9. Let y(p) = -p + 11. What is the units digit of y(b)?
0
What is the units digit of 4/10 - 408/(-30)?
4
Let n = -9 - -43. Suppose 0 = 3*r - 3, 3*h - n = 5*r - 3*r. What is the units digit of h?
2
Suppose 9*b - 181 - 80 = 0. What is the tens digit of b?
2
Suppose 5*d - 4*d - 2*p = 163, 2*p - 642 = -4*d. What is the tens digit of d?
6
Suppose -5*w - r + 18 = 0, 2*r - 5*r = 4*w - 10. Suppose 0 = w*l + 21 - 157. What is the tens digit of l?
3
What is the units digit of (-3 - 9/(-6))/((-2)/292)?
9
Let a(g) = g - 2. Suppose 15 = -5*t, 2*t - 18 = -3*p + t. Let k = 14 - p. What is the units digit of a(k)?
5
Let f be (6/(-4))/(15/(-20)). Suppose -5 + 1 = f*n. What is the tens digit of (1 - 0)*(-28)/n?
1
What is the units digit of (-11)/((-297)/6) - 1132/(-9)?
6
Let g be (-1)/3 + 10/3. Suppose 7*r - g*r = 12. What is the units digit of r?
3
What is the hundreds digit of -2 + 0 - (-5 + -137)?
1
Let t(p) = 2*p - 2. Let i be t(2). Suppose 6 = -2*x, -d = -i*d - x. Suppose -n + d*w + 19 = -w, -w = 2*n - 2. What is the units digit of n?
3
Let m(f) = f**3 + 5*f**2 - 9*f - 8. Let v be m(-6). Suppose 5*n + 5*z = 185, -z + 62 + v = 2*n. What is the tens digit of n?
3
Let j be (1 + 2/(-2))/2. Suppose -4*y = -6*y. Suppose j = -y*b - 3*b + 36. What is the units digit of b?
2
Let p(w) = 2*w**2 - 3*w + 3*w + w. What is the units digit of p(2)?
0
Let y = -102 - -164. What is the units digit of y?
2
Let j(o) = -3*o + 2. Let d be j(3). Let s = 7 - d. Suppose v - s = 2*b - 4*b, -8 = -4*v. What is the units digit of b?
6
Let c(s) = s**3 - 13. Let n be c(0). Let z = -8 - n. What is the units digit of z?
5
Let a(t) = -t**2 - 5 - 5*t - 2*t - 1. Let o be a(-6). What is the units digit of 2 - (3 - 2) - o?
1
Suppose 0*t = 2*t. Let n(a) = -a**2 - a - 2. 